 2146128 and 1?
1
What is the greatest common divisor of 1222 and 24832826?
94
What is the highest common factor of 313475 and 2100?
25
What is the highest common factor of 108275199 and 11361?
1623
What is the greatest common factor of 146498 and 35119566?
13318
What is the greatest common factor of 24 and 559686?
6
Calculate the greatest common factor of 87 and 49334104.
29
What is the highest common divisor of 903424 and 2048?
256
What is the highest common factor of 455 and 1190771855?
455
What is the greatest common divisor of 239714 and 9077?
29
Calculate the highest common divisor of 80086 and 114906.
3482
Calculate the highest common divisor of 4122 and 9594.
18
What is the highest common divisor of 15613 and 25727?
13
Calculate the highest common divisor of 18624 and 61888.
64
What is the greatest common divisor of 10453349 and 8003?
53
Calculate the greatest common divisor of 427934 and 743977.
1963
What is the highest common divisor of 244 and 18284?
4
What is the greatest common divisor of 484675 and 39175?
25
Calculate the highest common divisor of 371371 and 1911.
637
What is the greatest common divisor of 356406 and 741462?
1146
What is the highest common factor of 1153008 and 64260?
1836
What is the highest common divisor of 3902350 and 5678?
34
Calculate the highest common divisor of 5363363 and 958.
479
What is the highest common factor of 8987 and 95798?
19
What is the highest common divisor of 312846516 and 216?
108
What is the greatest common divisor of 559570834 and 58?
58
Calculate the greatest common factor of 81625314 and 131.
131
What is the greatest common factor of 123101 and 477679?
589
Calculate the greatest common divisor of 91865 and 21755.
95
Calculate the greatest common factor of 877848 and 87848.
632
Calculate the highest common divisor of 678 and 98076542.
226
Calculate the greatest common divisor of 3715 and 1141615785.
3715
What is the highest common factor of 20938505 and 871?
67
Calculate the greatest common divisor of 134465 and 7220.
5
What is the highest common factor of 2228328 and 225?
9
What is the highest common factor of 955 and 246405?
5
Calculate the highest common divisor of 28 and 277196.
4
Calculate the highest common divisor of 58752 and 79713.
153
What is the greatest common factor of 341 and 24262491?
341
Calculate the greatest common divisor of 1474206 and 21437.
1649
Calculate the highest common divisor of 2607 and 473763.
237
What is the greatest common divisor of 2349 and 484068?
87
Calculate the greatest common divisor of 469617610 and 14.
14
What is the greatest common divisor of 26702 and 24011?
13
What is the greatest common factor of 768511 and 409?
409
Calculate the highest common divisor of 1164872117 and 134.
67
Calculate the greatest common factor of 318450 and 3070650.
1650
What is the greatest common divisor of 4137 and 13855947?
21
What is the highest common divisor of 20449104 and 6?
6
Calculate the highest common divisor of 1716 and 262368964.
572
Calculate the highest common divisor of 539419 and 251873.
1081
Calculate the greatest common divisor of 1571745 and 450.
15
Calculate the greatest common factor of 4392914 and 78.
2
What is the greatest common divisor of 81770 and 2296190?
2210
What is the greatest common divisor of 95680 and 1735760?
1040
What is the greatest common divisor of 2967 and 1434772959?
2967
Calculate the highest common divisor of 359790 and 1765835.
895
Calculate the highest common factor of 256 and 453312.
64
What is the highest common factor of 664110 and 334170?
4230
Calculate the greatest common factor of 243 and 32717169.
27
Calculate the highest common factor of 166195962 and 4374.
1458
What is the greatest common factor of 4683 and 109704?
21
Calculate the greatest common divisor of 5432 and 6503.
7
Calculate the greatest common factor of 1561368 and 1368.
24
Calculate the highest common factor of 3309106 and 13222.
1202
Calculate the highest common divisor of 101712 and 784.
16
What is the greatest common divisor of 26148 and 50916?
12
Calculate the highest common factor of 101360 and 91280.
560
Calculate the highest common divisor of 30 and 1379634.
6
What is the highest common divisor of 7772492 and 520296?
4564
Calculate the highest common divisor of 43512 and 162726.
222
What is the greatest common factor of 5072769 and 91?
13
What is the highest common divisor of 2759565 and 123?
3
Calculate the highest common divisor of 3427542 and 30.
6
What is the greatest common factor of 5862 and 813796058?
1954
Calculate the highest common divisor of 15250 and 84375.
125
What is the highest common divisor of 207 and 19911169?
23
What is the highest common factor of 6567726 and 2865?
573
Calculate the highest common divisor of 21211713 and 1458.
729
What is the highest common divisor of 17000 and 766400?
200
Calculate the highest common divisor of 9130 and 1621405.
415
Calculate the highest common divisor of 768 and 3045072.
48
What is the highest common factor of 376272 and 136188?
1404
Calculate the highest common divisor of 6072 and 206888.
88
Calculate the highest common divisor of 12535 and 39488585.
115
What is the highest common divisor of 4658500 and 100870?
770
What is the highest common divisor of 10314 and 105354?
54
Calculate the greatest common divisor of 2745033 and 9255.
1851
What is the highest common divisor of 50 and 174987975?
25
What is the greatest common factor of 21112 and 811768?
232
Calculate the greatest common factor of 33947 and 1876083.
409
Calculate the highest common divisor of 361362 and 4230546.
1374
Calculate the highest common factor of 1625 and 63867050.
325
Calculate the highest common divisor of 4216 and 1111288.
248
Calculate the greatest common divisor of 6676704 and 87300.
3492
Calculate the greatest common divisor of 15840 and 2174400.
1440
What is the highest common divisor of 1710 and 296994?
6
Calculate the greatest common factor of 9330406 and 161006.
722
What is the greatest common factor of 804 and 10379908?
268
Calculate the greatest common divisor of 868711 and 522611.
3461
What is the highest common factor of 12870 and 22030580?
1430
What is the highest common factor of 3620146 and 1026?
38
Calculate the greatest common divisor of 23320 and 4115.
5
Calculate the greatest common divisor of 218683 and 36005.
379
Calculate the greatest common factor of 47750 and 14815.
5
Calculate the highest common divisor of 11774790 and 14022.
738
Calculate the highest common divisor of 738364 and 61192868.
7612
What is the highest common factor of 6778951 and 3713?
47
Calculate the highest common factor of 9245 and 173505.
215
Calculate the highest common divisor of 63 and 23971605.
21
What is the highest common divisor of 154 and 571270931?
77
What is the greatest common factor of 5368 and 17679508?
2684
What is the highest common divisor of 239067 and 1245330?
909
Calculate the greatest common divisor of 32464812 and 3544.
1772
Calculate the greatest common divisor of 97974 and 4194.
18
Calculate the greatest common divisor of 284987 and 9899.
521
What is the greatest common factor of 1292100 and 45600?
300
Calculate the greatest common divisor of 10145020 and 87560.
3980
Calculate the highest common divisor of 6232 and 5934536.
152
Calculate the highest common divisor of 89199 and 4374117.
1683
Calculate the highest common divisor of 10 and 79046830.
10
What is the highest common factor of 1625 and 3894875?
125
What is the highest common factor of 596218 and 200274?
2302
What is the highest common divisor of 606651 and 4771?
367
What is the highest common factor of 20112642 and 198?
198
Calculate the highest common divisor of 3188 and 268693407.
797
What is the highest common factor of 93092 and 510119?
629
What is the highest common factor of 460 and 836780710?
230
Calculate the highest common factor of 1045104 and 4176.
48
Calculate the highest common divisor of 356937 and 8188.
23
What is the greatest common factor of 777699 and 67275?
2691
What is the highest common divisor of 230556 and 54?
6
What is the greatest common factor of 34515 and 309960?
45
Calculate the highest common factor of 1648 and 36278248.
824
Calculate the greatest common divisor of 4293495 and 32675.
6535
Calculate the greatest 